9
In base 9, what is 143 + 4?
147
In base 11, what is -5 + -3728?
-3732
In base 7, what is -4 - 21?
-25
In base 10, what is -2 - 5440?
-5442
In base 4, what is -3 + 3220?
3211
In base 16, what is -a1 + 21?
-80
In base 13, what is -156 - 4?
-15a
In base 12, what is 3383 + -2?
3381
In base 8, what is 24 - -32?
56
In base 12, what is -1a + 2?
-18
In base 8, what is -4 - -33?
27
In base 11, what is -925a - 0?
-925a
In base 11, what is -12 + -78?
-8a
In base 13, what is c9b + -1?
c9a
In base 13, what is 21 + 46?
67
In base 11, what is 2408 - 3?
2405
In base 5, what is -12302 - 11?
-12313
In base 8, what is -462 - -5?
-455
In base 6, what is -11411 + -3?
-11414
In base 5, what is 144 + -10?
134
In base 3, what is -2 + -212200?
-212202
In base 7, what is 5 + -162?
-154
In base 13, what is -4 - 70?
-74
In base 9, what is -61 - -2?
-58
In base 5, what is -10 + -104?
-114
In base 9, what is -27 + 1025?
887
In base 5, what is 113 - 2443?
-2330
In base 9, what is -6 - -5?
-1
In base 15, what is -18 + -6b?
-84
In base 6, what is -1323 + 13?
-1310
In base 4, what is -11132 + 12?
-11120
In base 14, what is -a + 886?
87a
In base 3, what is -1200 + -1?
-1201
In base 9, what is -35 - -74?
38
In base 11, what is 1515 + 2?
1517
In base 10, what is 5457 - 1?
5456
In base 12, what is 1ba1 + -2?
1b9b
In base 4, what is -211100 + -10?
-211110
In base 16, what is 4c - -5?
51
In base 7, what is -11246 + 1?
-11245
In base 16, what is -180 - 2?
-182
In base 4, what is 22112 + 3?
22121
In base 16, what is 5f - 7?
58
In base 16, what is 5 + -66?
-61
In base 2, what is 101 - -11100111?
11101100
In base 5, what is 21431 + 12?
21443
In base 14, what is -2 - -a7?
a5
In base 11, what is 2 + -237?
-235
In base 4, what is -3 + 21?
12
In base 7, what is -406 + -1?
-410
In base 2, what is 11100101 + 11?
11101000
In base 3, what is 1 + 2120000?
2120001
In base 6, what is 23 + 21?
44
In base 15, what is -15d6 + -1?
-15d7
In base 6, what is -1345 - 1?
-1350
In base 13, what is -81 + -2?
-83
In base 4, what is 10 - 110?
-100
In base 6, what is -35 + -2253?
-2332
In base 15, what is 189 + -4?
185
In base 11, what is -18 - -11?
-7
In base 16, what is -4 + -27?
-2b
In base 4, what is 23112 - -11?
23123
In base 2, what is 11 - 100000?
-11101
In base 9, what is 14 + -6?
7
In base 12, what is -3a + 0?
-3a
In base 2, what is 10 - 101000?
-100110
In base 5, what is -4044 + 2?
-4042
In base 12, what is -1835 - 2?
-1837
In base 15, what is -65 + 1?
-64
In base 3, what is 101 - 210220?
-210112
In base 5, what is 0 - -11120?
11120
In base 7, what is 10542 - 0?
10542
In base 6, what is -14 + 100?
42
In base 9, what is 260 - 3?
256
In base 3, what is 11022 + 10?
11102
In base 12, what is b17 - 1?
b16
In base 6, what is -30 - 1?
-31
In base 4, what is -23 - -332?
303
In base 16, what is 54 - -4?
58
In base 6, what is 110 + 3?
113
In base 7, what is -235 + -6?
-244
In base 2, what is -101 - 11010110?
-11011011
In base 10, what is 35 - -36?
71
In base 2, what is 100011 + 1110?
110001
In base 7, what is -32 - 3011?
-3043
In base 13, what is -135a + 1?
-1359
In base 14, what is 3 + 93?
96
In base 10, what is 10 - -609?
619
In base 7, what is 223 + 363?
616
In base 12, what is 5 + -55?
-50
In base 15, what is -4ce - -3?
-4cb
In base 14, what is 8 - -4?
c
In base 2, what is -101 - 1011101?
-1100010
In base 15, what is 31 - -5?
36
In base 12, what is -1882 + 4?
-187a
In base 9, what is -3 + 184?
181
In base 10, what is 15 + -65?
-50
In base 7, what is -30 + 14?
-13
In base 14, what is -346 + 0?
-346
In base 9, what is 2718 - 7?
2711
In base 11, what is -7 - -5?
-2
In base 4, what is -2 - -10003?
10001
In base 6, what is 3 + 313?
320
In base 7, what is -2211 + 4?
-2204
In base 2, what is 10001001011 - -1?
10001001100
In base 4, what is 12012 - 11?
12001
In base 9, what is -1053 + -17?
-1071
In base 6, what is 50550 - 0?
50550
In base 15, what is -4 - 6e?
-73
In base 7, what is -11 - -312?
301
In base 14, what is 8a - 5?
85
In base 14, what is 102 - -1?
103
In base 16, what is 103 - 3?
100
In base 12, what is -7 + -105?
-110
In base 10, what is 1 - -289?
290
In base 3, what is -110 + 0?
-110
In base 6, what is 105224 + 5?
105233
In base 13, what is 4 + -182b?
-1827
In base 2, what is -100100011 - 1111?
-100110010
In base 7, what is 2516 + -4?
2512
In base 3, what is -1 - 112?
-120
In base 7, what is 2 + -2?
0
In base 13, what is -5 + 38?
33
In base 12, what is 193 - -3?
196
In base 13, what is -24 - -2?
-22
In base 8, what is 16 + 430?
446
In base 3, what is -2220 - 1?
-2221
In base 4, what is 0 - 31?
-31
In base 5, what is -140 + -3041?
-3231
In base 5, what is 34 - -42?
131
In base 4, what is -3 + 111?
102
In base 15, what is -1 - 13a?
-13b
In base 12, what is -1a5 + -7?
-1b0
In base 6, what is -5 + 2413?
2404
In base 11, what is -68 + -4?
-71
In base 3, what is -122121 - -10?
-122111
In base 7, what is -11 + 31?
20
In base 3, what is -11122120 + 11?
-11122102
In base 11, what is 43 + 2?
45
In base 12, what is -157 + 1?
-156
In base 12, what is -347 - -2?
-345
In base 14, what is 4 - -2a8?
2ac
In base 15, what is c - 4?
8
In base 14, what is -55 - 3?
-58
In base 5, what is -104 - -1?
-103
In base 5, what is 0 + 103?
103
In base 13, what is -87 - -b4?
2a
In base 15, what is -1bd + -c?
-1ca
In base 12, what is 1 + ba?
bb
In base 12, what is 32 - -12b?
161
In base 15, what is -4 - 104?
-108
In base 8, what is 26046 - 2?
26044
In base 3, what is 11022 + -112?
10210
In base 2, what is 0 - -1101100011?
1101100011
In base 7, what is 35 + 306?
344
In base 7, what is 135 + -2?
133
In base 10, what is -381 - 12?
-393
In base 9, what is 60 + 5?
65
In base 2, what is -11 + -1001110110111?
-1001110111010
In base 2, what is -11 + -1011100111?
-1011101010
In base 7, what is 36 + -11?
25
In base 12, what is -513 + 6?
-509
In base 7, what is -25335 + -4?
-25342
In base 16, what is 22 + -1?
21
In base 6, what is 2 + 154?
200
In base 2, what is -1100 - -111110?
110010
In base 15, what is -5 - 1305?
-130a
In base 15, what is 450 - -1?
451
In base 12, what is 478 - 2?
476
In base 11, what is -5 + 73?
69
In base 9, what is 18 + 136?
155
In base 2, what is 11 - 100111111?
-100111100
In base 10, what is 29 - 1?
28
In base 12, what is 11 - -1?
12
In base 5, what is -3 - -3224?
3221
In base 9, what is -111 - 3?
-114
In base 3, what is 1201122 - 0?
1201122
In base 9, what is 30 + -20?
10
In base 16, what is 3 + d?
10
In base 3, what is -12202 - 10221?
-100200
In base 9, what is -44 - 10?
-54
In base 13, what is 2b - 0?
2b
In base 14, what is -6 + -b9?
-c1
In base 4, what is -2 - 233?
-301
In base 8, what is -3 + -205?
-210
In base 16, what is 75 + -48?
2d
In base 6, what is -1 + -33?
-34
In base 14, what is -2 - 7d0?
-7d2
In base 6, what is -43 + -21?
-104
In base 15, what is -4 + -33?
-37
In base 8, what is -1230 + 4?
-1224
In base 11, what is -41a9 + 2?
-41a7
In base 15, what is 459 - 4?
455
In base 16, what is -3b + 16f?
134
In base 11, what is -4 - 1a68?
-1a71
In base 6, what is -4 + 131?
123
In base 3, what is 1101110210 + -10?
1101110200
In base 11, what is 457 + 0?
457
In base 16, what is 0 - f13?
-f13
In base 7, what is -1002 + 4?
-665
In base 6, what is -4242 - -4?
-4234
In base 14, what is 5 - 107?
-102
In base 15, what is b - 7e?
-73
In base 13, what is -237 + 4?
-233
In base 14, what is 93 - 0?
93
In base 3, what is -2001221112 - -11?
-2001221101
In base 2, what is -11010111000 - -101?
-11010110011
In base 12, what is 6 + -5?
1
In base 4, what is -13 + -2031?
-2110
In base 11, what is -3 - -2224?
2221
In base 4, what is 21 + 201?
222
In base 15, what is 1 + -12ba?
-12b9
In base 7, what is 4 + 55?
62
In base 13, what is -1 + b6c?
b6b
In base 15, what is 4 + 2bd?
2c2
In base 15, what is -13aa - -5?
-13a5
In base 5, what is 1402 + 11?
1413
In base 7, what is -310 - -1?
-306
In base 7, what is 6013 + -3?
6010
In base 2, what is -100010100 - -10?
-100010010
In base 10, what is -7 + -2?
-9
In base 15, what is 1d - 3d?
-20
In base 6, what is -5 + 3150?
3141
In base 13, what is 15 + -52?
-3a
In base 6, what is 2325 + 1?
2330
In base 12, what is 3 + 2b9?
300
In base 13, what is a - -5a5?
5b2
In base 16, what is 38 - -3?
3b
In base 6, what is 22 - 11?
11
In base 3, what is -111 + 1012?
201
In base 16, what is 3e73 + -5?
3e6e
I